{"id":2,"date":"2007-01-03T11:52:59","date_gmt":"2007-01-03T18:52:59","guid":{"rendered":"http:\/\/1926474364"},"modified":"2017-03-03T16:04:21","modified_gmt":"2017-03-03T15:04:21","slug":"acerca-de","status":"publish","type":"page","link":"https:\/\/diariodevurgos.com\/dvwps\/acerca-de","title":{"rendered":"\u00bfQu\u00e9 es DV?"},"content":{"rendered":"<p class=\"lead\"><strong>Aspecto social<\/strong><\/p>\n<p><strong>DV<\/strong> es un medio de comunicaci\u00f3n libre y horizontal, que desde una perspectiva antiautoritaria, pretende subvertir los engranajes de una ciudad llamada Burgos. La limitaci\u00f3n geogr\u00e1fica responde, en gran medida, al hecho de que, la gran parte de los propulsores del proyecto, tienen la buena o la mala suerte de residir en Burgos. Pero no en el Burgos oficial con sus politicuchos, especuladores, mafiosos del ladrillo y curas con olor a rancio, sino en el otro Burgos, desconocido y subterr\u00e1neo, a\u00fan por descubrir.<\/p>\n<p><strong>DV<\/strong> no es solamente una p\u00e1gina web, representa la secci\u00f3n digital de un amplio proyecto en el que tambi\u00e9n se englobar\u00ed\u00ada un peri\u00f3dico con el mismo nombre.<\/p>\n<p>Quien controla la informaci\u00f3n controla el poder. En Burgos esta sencilla ecuaci\u00f3n se manifiesta de forma bastante abrumadora. Aquello que no aparece en los medios oficiales (todos ellos propiedad del conocido magnate de la construcci\u00f3n Antonio Miguel M\u00e9ndez Pozo) no existe. Por ello, la difusi\u00f3n de informaci\u00f3n silenciada es uno de los principales ejes que articulan el proyecto, sin embargo <strong>DV<\/strong> no pretende desarrollar \u00fanica y exclusivamente una actividad contra-informativa, en la actualidad hay numerosos espacios telem\u00e1ticos que desarrollan con bastante dinamismo esta actividad, aquell@s que damos vida a este proyecto no nos contentamos simplemente con adaptar esta practica a nivel local.<\/p>\n<p><strong>DV<\/strong> aspira en convertirse en un instrumento de agitaci\u00f3n de conciencias, apuntar donde duele y disparar con las armas del an\u00e1lisis y la cr\u00ed\u00adtica. Un espacio donde dar cabida a aquellas iniciativas que vayan surgiendo y que la censura oficial condena al silencio.<\/p>\n<p><strong>DV<\/strong> es una herramienta de difusi\u00f3n de luchas, ilusiones, sue\u00f1os, proyectos, que no pretende caer bien a todos, evidentemente unos la odiar\u00e1n, a otros quiz\u00e1s les guste.<em><strong>Si ladr\u00e1n ser\u00e1 porque galopamos<\/strong><\/em>. El sue\u00f1o de un mundo nuevo y la necesidad de cambio evidente aqu\u00ed\u00ad y ahora, se nutre con la rebeld\u00ed\u00ada, la insumisi\u00f3n, la lucha&#8230;no tenemos nada que perder, sino todo por ganar.<br \/>\n<strong>DV<\/strong>, proclama a los cuatro vientos que toda coincidencia nominal con otros &#8220;diarios&#8221;\u009d es meramente accidental, fruto de nuestra imaginaci\u00f3n calenturienta, y de que nunca se nos diera bien la ortograf\u00ed\u00ada.<\/p>\n<div align=\"right\">enero de 2007<br \/>\nHabitantes del Burgos Subterr\u00e1neo <strong>(A)<\/strong><\/div>\n<p><strong>Aspecto t\u00e9cnico<\/strong><\/p>\n<p><img title=\"RssIcono\" src=\"http:\/\/diariodevurgos.com\/dvwps\/wp-content\/uploads\/2007\/01\/rssicon.gif\" alt=\"RssIcono\" align=\"left\" \/><a title=\"DV\" href=\"http:\/\/diariodevurgos.com\"> Diario de Vurgos<\/a> soporta sindicaci\u00f3n bajo <a title=\"RSS\" href=\"http:\/\/es.wikipedia.org\/wiki\/RSS\">RSS<\/a>(<a title=\"RSSenDV\" href=\"http:\/\/diariodevurgos.com\/dvwps\/feed\">enlace a DV<\/a>) y <a title=\"atom\" href=\"http:\/\/es.wikipedia.org\/wiki\/ATOM\">Atom<\/a>(<a title=\"AtomEnDV\" href=\"http:\/\/diariodevurgos.com\/dvwps\/feed\/atom\">enlace a DV<\/a>). Seguramente muchos ya lo us\u00e9is y otros no teng\u00e1is ni idea de lo que es. No seremos nosotros quienes os lo expliquen, <a title=\"wiki\" href=\"http:\/\/es.wikipedia.org\/wiki\/Sindicar#Sindicaci.C3.B3n_de_contenidos_web\">ser\u00e1n otros<\/a>, con mejores dotes explicativas.<\/p>\n<p><strong>Acerca del dominio .com<\/strong><\/p>\n<p>No vendemos nada ni tenemos ansia capitalista, esto no es un negocio. El .com nos parece algo muy conocido, mucho m\u00e1s que el .org o el .net y elegimos esta terminaci\u00f3n por su popularidad.<\/p>\n<p><strong>Acerca del Gestor de Contenidos<\/strong><\/p>\n<p>Utilizamos <a title=\"WP\" href=\"http:\/\/es.wikipedia.org\/wiki\/WordPress\">WordPress<\/a>, desde aqu\u00ed\u00ad damos las gracias al equipo de desarrolladores de esta herramienta.<\/p>\n","protected":false},"excerpt":{"rendered":"<p>Aspecto social DV es un medio de comunicaci\u00f3n libre y horizontal, que desde una perspectiva antiautoritaria, pretende subvertir los engranajes de una ciudad llamada Burgos. La limitaci\u00f3n geogr\u00e1fica responde, en gran medida, al hecho de que, la gran parte de los propulsores del proyecto, tienen la buena o la mala suerte de residir en Burgos&#8230;.  <a href=\"https:\/\/diariodevurgos.com\/dvwps\/acerca-de\" class=\"more-link\" title=\"Read \u00bfQu\u00e9 es DV?\">Read more &raquo;<\/a><\/p>\n","protected":false},"author":1,"featured_media":0,"parent":0,"menu_order":0,"comment_status":"open","ping_status":"open","template":"","meta":[],"_links":{"self":[{"href":"https:\/\/diariodevurgos.com\/dvwps\/wp-json\/wp\/v2\/pages\/2"}],"collection":[{"href":"https:\/\/diariodevurgos.com\/dvwps\/wp-json\/wp\/v2\/pages"}],"about":[{"href":"https:\/\/diariodevurgos.com\/dvwps\/wp-json\/wp\/v2\/types\/page"}],"author":[{"embeddable":true,"href":"https:\/\/diariodevurgos.com\/dvwps\/wp-json\/wp\/v2\/users\/1"}],"replies":[{"embeddable":true,"href":"https:\/\/diariodevurgos.com\/dvwps\/wp-json\/wp\/v2\/comments?post=2"}],"version-history":[{"count":2,"href":"https:\/\/diariodevurgos.com\/dvwps\/wp-json\/wp\/v2\/pages\/2\/revisions"}],"predecessor-version":[{"id":17642,"href":"https:\/\/diariodevurgos.com\/dvwps\/wp-json\/wp\/v2\/pages\/2\/revisions\/17642"}],"wp:attachment":[{"href":"https:\/\/diariodevurgos.com\/dvwps\/wp-json\/wp\/v2\/media?parent=2"}],"curies":[{"name":"wp","href":"https:\/\/api.w.org\/{rel}","templated":true}]}}